CRAN Package Check Results for Package glmtrans

Last updated on 2024-06-20 18:48:12 CEST.

Flavor Version Tinstall Tcheck Ttotal Status Flags
r-devel-linux-x86_64-debian-clang 2.0.0 16.97 194.17 211.14 NOTE
r-devel-linux-x86_64-debian-gcc 2.0.0 14.82 144.18 159.00 NOTE
r-devel-linux-x86_64-fedora-clang 2.0.0 279.05 NOTE
r-devel-linux-x86_64-fedora-gcc 2.0.0 267.13 NOTE
r-devel-windows-x86_64 2.0.0 15.00 158.00 173.00 NOTE
r-patched-linux-x86_64 2.0.0 12.96 189.40 202.36 NOTE
r-release-linux-x86_64 2.0.0 11.54 190.59 202.13 NOTE
r-release-macos-arm64 2.0.0 85.00 NOTE
r-release-macos-x86_64 2.0.0 128.00 NOTE
r-release-windows-x86_64 2.0.0 16.00 159.00 175.00 NOTE
r-oldrel-macos-arm64 2.0.0 83.00 OK
r-oldrel-macos-x86_64 2.0.0 137.00 OK
r-oldrel-windows-x86_64 2.0.0 19.00 193.00 212.00 OK

Check Details

Version: 2.0.0
Check: Rd files
Result: NOTE checkRd: (-1) glmtrans.Rd:83: Lost braces in \itemize; \value handles \item{}{} directly checkRd: (-1) glmtrans.Rd:84: Lost braces in \itemize; \value handles \item{}{} directly checkRd: (-1) glmtrans.Rd:85: Lost braces in \itemize; \value handles \item{}{} directly checkRd: (-1) glmtrans.Rd:86: Lost braces in \itemize; \value handles \item{}{} directly checkRd: (-1) glmtrans.Rd:87: Lost braces in \itemize; \value handles \item{}{} directly checkRd: (-1) predict.glmtrans.Rd:23: Lost braces in \itemize; meant \describe ? checkRd: (-1) predict.glmtrans.Rd:24: Lost braces in \itemize; meant \describe ? checkRd: (-1) predict.glmtrans.Rd:25: Lost braces in \itemize; meant \describe ? checkRd: (-1) predict.glmtrans.Rd:26: Lost braces in \itemize; meant \describe ? Flavors: r-devel-linux-x86_64-debian-clang, r-devel-linux-x86_64-debian-gcc, r-devel-linux-x86_64-fedora-clang, r-devel-linux-x86_64-fedora-gcc, r-devel-windows-x86_64, r-patched-linux-x86_64, r-release-linux-x86_64, r-release-macos-arm64, r-release-macos-x86_64, r-release-windows-x86_64