CRAN Package Check Results for Package glmdm

Last updated on 2020-05-25 01:48:53 CEST.

Flavor Version Tinstall Tcheck Ttotal Status Flags
r-devel-linux-x86_64-debian-clang 2.60 3.21 22.63 25.84 NOTE
r-devel-linux-x86_64-debian-gcc 2.60 2.47 17.90 20.37 NOTE
r-devel-linux-x86_64-fedora-clang 2.60 31.09 NOTE
r-devel-linux-x86_64-fedora-gcc 2.60 30.92 NOTE
r-devel-windows-ix86+x86_64 2.60 8.00 44.00 52.00 NOTE
r-patched-linux-x86_64 2.60 3.18 22.83 26.01 NOTE
r-patched-solaris-x86 2.60 45.40 NOTE
r-release-linux-x86_64 2.60 3.25 22.48 25.73 NOTE
r-release-osx-x86_64 2.60 NOTE
r-release-windows-ix86+x86_64 2.60 5.00 32.00 37.00 NOTE
r-oldrel-osx-x86_64 2.60 NOTE
r-oldrel-windows-ix86+x86_64 2.60 4.00 46.00 50.00 NOTE

Check Details

Version: 2.60
Check: R code for possible problems
Result: NOTE
    glmdm: no visible binding for global variable 'gaussian'
    glmdm: no visible global function definition for 'model.frame'
    glmdm: no visible global function definition for 'model.matrix'
    glmdm: no visible global function definition for 'model.response'
    glmdmEST: no visible binding for global variable 'gaussian'
    glmdmEST : rdirichlet: no visible global function definition for
     'rgamma'
    glmdmEST : rinvgamma: no visible global function definition for
     'rgamma'
    glmdmEST : rmvnorm: no visible global function definition for 'rnorm'
    glmdmEST : rtnorm: no visible global function definition for 'rnorm'
    glmdmEST : rtnorm: no visible global function definition for 'rexp'
    glmdmEST : rtnorm: no visible global function definition for 'runif'
    glmdmEST: no visible global function definition for 'glm'
    glmdmEST: no visible global function definition for 'coefficients'
    glmdmEST: no visible global function definition for 'rnorm'
    glmdmEST : like: no visible global function definition for 'dgamma'
    glmdmEST : loglike: no visible global function definition for 'dgamma'
    glmdmEST : loglike.s: no visible global function definition for
     'dgamma'
    glmdmEST: no visible global function definition for 'dnorm'
    glmdmEST: no visible global function definition for 'dmultinom'
    glmdmEST: no visible global function definition for 'runif'
    glmdmEST: no visible global function definition for 'optim'
    glmdmEST: no visible global function definition for 'rgamma'
    glmdmEST: no visible binding for global variable 'sd'
    glmdmEST: no visible global function definition for 'pnorm'
    glmdmEST: no visible global function definition for 'dgamma'
    glmdmEST: no visible global function definition for 'sd'
    glmdmEST: no visible binding for global variable 'formula'
    glmdmEST : graph.summary: no visible global function definition for
     'qnorm'
    glmdmEST : graph.summary: no visible global function definition for
     'pf'
    Undefined global functions or variables:
     coefficients dgamma dmultinom dnorm formula gaussian glm model.frame
     model.matrix model.response optim pf pnorm qnorm rexp rgamma rnorm
     runif sd
    Consider adding
     importFrom("stats", "coefficients", "dgamma", "dmultinom", "dnorm",
     "formula", "gaussian", "glm", "model.frame", "model.matrix",
     "model.response", "optim", "pf", "pnorm", "qnorm", "rexp",
     "rgamma", "rnorm", "runif", "sd")
    to your NAMESPACE file.
Flavors: r-devel-linux-x86_64-debian-clang, r-devel-linux-x86_64-debian-gcc, r-devel-linux-x86_64-fedora-clang, r-devel-linux-x86_64-fedora-gcc, r-devel-windows-ix86+x86_64, r-patched-linux-x86_64, r-patched-solaris-x86, r-release-linux-x86_64, r-release-osx-x86_64, r-release-windows-ix86+x86_64, r-oldrel-osx-x86_64, r-oldrel-windows-ix86+x86_64