CRAN Package Check Results for Package glmdisc

Last updated on 2022-09-27 12:52:52 CEST.

Flavor Version Tinstall Tcheck Ttotal Status Flags
r-devel-linux-x86_64-debian-clang 0.6 48.59 496.72 545.31 NOTE
r-devel-linux-x86_64-debian-gcc 0.6 36.52 350.75 387.27 NOTE
r-devel-linux-x86_64-fedora-clang 0.6 657.50 NOTE
r-devel-linux-x86_64-fedora-gcc 0.6 692.24 NOTE
r-devel-windows-x86_64 0.6 48.00 512.00 560.00 NOTE
r-patched-linux-x86_64 0.6 40.58 466.90 507.48 NOTE
r-release-linux-x86_64 0.6 34.07 465.83 499.90 NOTE
r-release-macos-arm64 0.6 150.00 NOTE
r-release-macos-x86_64 0.6 249.00 NOTE
r-release-windows-x86_64 0.6 51.00 538.00 589.00 NOTE
r-oldrel-macos-arm64 0.6 170.00 NOTE
r-oldrel-macos-x86_64 0.6 254.00 NOTE
r-oldrel-windows-ix86+x86_64 0.6 113.00 740.00 853.00 NOTE

Check Details

Version: 0.6
Check: LazyData
Result: NOTE
     'LazyData' is specified without a 'data' directory
Flavors: r-devel-linux-x86_64-debian-clang, r-devel-linux-x86_64-debian-gcc, r-devel-linux-x86_64-fedora-clang, r-devel-linux-x86_64-fedora-gcc, r-devel-windows-x86_64, r-patched-linux-x86_64, r-release-linux-x86_64, r-release-macos-arm64, r-release-macos-x86_64, r-release-windows-x86_64, r-oldrel-macos-arm64, r-oldrel-macos-x86_64, r-oldrel-windows-ix86+x86_64