Last updated on 2023-02-01 21:54:54 CET.
Flavor | Version | Tinstall | Tcheck | Ttotal | Status | Flags |
---|---|---|---|---|---|---|
r-devel-linux-x86_64-debian-clang | 1.0.4 | 22.70 | 32.01 | 54.71 | NOTE | |
r-devel-linux-x86_64-debian-gcc | 1.0.4 | 16.87 | 24.19 | 41.06 | NOTE | |
r-devel-linux-x86_64-fedora-clang | 1.0.4 | 73.87 | NOTE | |||
r-devel-linux-x86_64-fedora-gcc | 1.0.4 | 66.72 | NOTE | |||
r-devel-windows-x86_64 | 1.0.4 | 32.00 | 80.00 | 112.00 | NOTE | |
r-patched-linux-x86_64 | 1.0.4 | 19.25 | 31.02 | 50.27 | NOTE | |
r-release-linux-x86_64 | 1.0.4 | 18.56 | 31.38 | 49.94 | NOTE | |
r-release-macos-arm64 | 1.0.4 | 24.00 | NOTE | |||
r-release-macos-x86_64 | 1.0.4 | 32.00 | NOTE | |||
r-release-windows-x86_64 | 1.0.4 | 28.00 | 82.00 | 110.00 | NOTE | |
r-oldrel-macos-arm64 | 1.0.4 | 27.00 | NOTE | |||
r-oldrel-macos-x86_64 | 1.0.4 | 42.00 | NOTE | |||
r-oldrel-windows-ix86+x86_64 | 1.0.4 | 52.00 | 84.00 | 136.00 | NOTE |
Version: 1.0.4
Check: LazyData
Result: NOTE
'LazyData' is specified without a 'data' directory
Flavors: r-devel-linux-x86_64-debian-clang, r-devel-linux-x86_64-debian-gcc, r-devel-linux-x86_64-fedora-clang, r-devel-linux-x86_64-fedora-gcc, r-devel-windows-x86_64, r-patched-linux-x86_64, r-release-linux-x86_64, r-release-macos-arm64, r-release-macos-x86_64, r-release-windows-x86_64, r-oldrel-macos-arm64, r-oldrel-macos-x86_64, r-oldrel-windows-ix86+x86_64