CRAN Package Check Results for Package gllm

Last updated on 2020-05-25 01:48:53 CEST.

Flavor Version Tinstall Tcheck Ttotal Status Flags
r-devel-linux-x86_64-debian-clang 0.37 3.14 26.26 29.40 OK
r-devel-linux-x86_64-debian-gcc 0.37 2.59 20.65 23.24 OK
r-devel-linux-x86_64-fedora-clang 0.37 36.41 NOTE
r-devel-linux-x86_64-fedora-gcc 0.37 35.79 NOTE
r-devel-windows-ix86+x86_64 0.37 12.00 79.00 91.00 OK
r-patched-linux-x86_64 0.37 3.31 26.38 29.69 OK
r-patched-solaris-x86 0.37 57.20 OK
r-release-linux-x86_64 0.37 3.10 26.49 29.59 OK
r-release-osx-x86_64 0.37 OK
r-release-windows-ix86+x86_64 0.37 8.00 60.00 68.00 OK
r-oldrel-osx-x86_64 0.37 OK
r-oldrel-windows-ix86+x86_64 0.37 7.00 80.00 87.00 OK

Check Details

Version: 0.37
Check: compiled code
Result: NOTE
    File ‘gllm/libs/gllm.so’:
     Found no calls to: ‘R_registerRoutines’, ‘R_useDynamicSymbols’
    
    It is good practice to register native routines and to disable symbol
    search.
    
    See ‘Writing portable packages’ in the ‘Writing R Extensions’ manual.
Flavors: r-devel-linux-x86_64-fedora-clang, r-devel-linux-x86_64-fedora-gcc