CRAN Package Check Results for Package glassdoor

Last updated on 2022-10-03 21:53:38 CEST.

Flavor Version Tinstall Tcheck Ttotal Status Flags
r-devel-linux-x86_64-debian-clang 0.8.1 2.52 28.41 30.93 NOTE
r-devel-linux-x86_64-debian-gcc 0.8.1 1.82 21.88 23.70 NOTE
r-devel-linux-x86_64-fedora-clang 0.8.1 50.96 NOTE
r-devel-linux-x86_64-fedora-gcc 0.8.1 49.60 NOTE
r-devel-windows-x86_64 0.8.1 18.00 62.00 80.00 NOTE
r-patched-linux-x86_64 0.8.1 5.45 26.94 32.39 NOTE
r-release-linux-x86_64 0.8.1 2.42 27.54 29.96 NOTE
r-release-macos-arm64 0.8.1 18.00 NOTE
r-release-macos-x86_64 0.8.1 28.00 NOTE
r-release-windows-x86_64 0.8.1 14.00 58.00 72.00 NOTE
r-oldrel-macos-arm64 0.8.1 23.00 NOTE
r-oldrel-macos-x86_64 0.8.1 26.00 NOTE
r-oldrel-windows-ix86+x86_64 0.8.1 6.00 53.00 59.00 NOTE

Check Details

Version: 0.8.1
Check: LazyData
Result: NOTE
     'LazyData' is specified without a 'data' directory
Flavors: r-devel-linux-x86_64-debian-clang, r-devel-linux-x86_64-debian-gcc, r-devel-linux-x86_64-fedora-clang, r-devel-linux-x86_64-fedora-gcc, r-devel-windows-x86_64, r-patched-linux-x86_64, r-release-linux-x86_64, r-release-macos-arm64, r-release-macos-x86_64, r-release-windows-x86_64, r-oldrel-macos-arm64, r-oldrel-macos-x86_64, r-oldrel-windows-ix86+x86_64