CRAN Package Check Results for Package glamlasso

Last updated on 2022-10-04 07:49:48 CEST.

Flavor Version Tinstall Tcheck Ttotal Status Flags
r-devel-linux-x86_64-debian-clang 3.0.1 133.15 36.46 169.61 OK
r-devel-linux-x86_64-debian-gcc 3.0.1 241.38 28.57 269.95 OK
r-devel-linux-x86_64-fedora-clang 3.0.1 223.55 OK
r-devel-linux-x86_64-fedora-gcc 3.0.1 239.09 OK
r-devel-windows-x86_64 3.0.1 80.00 95.00 175.00 OK
r-patched-linux-x86_64 3.0.1 108.56 34.35 142.91 OK
r-release-linux-x86_64 3.0.1 104.33 33.47 137.80 OK
r-release-macos-arm64 3.0.1 63.00 NOTE
r-release-macos-x86_64 3.0.1 94.00 NOTE
r-release-windows-x86_64 3.0.1 114.00 80.00 194.00 OK
r-oldrel-macos-arm64 3.0.1 101.00 NOTE
r-oldrel-macos-x86_64 3.0.1 171.00 NOTE
r-oldrel-windows-ix86+x86_64 3.0.1 202.00 90.00 292.00 OK

Check Details

Version: 3.0.1
Check: installed package size
Result: NOTE
     installed size is 10.4Mb
     sub-directories of 1Mb or more:
     libs 10.2Mb
Flavors: r-release-macos-arm64, r-release-macos-x86_64, r-oldrel-macos-arm64, r-oldrel-macos-x86_64