CRAN Package Check Results for Package gkgraphR

Last updated on 2022-10-06 06:49:35 CEST.

Flavor Version Tinstall Tcheck Ttotal Status Flags
r-devel-linux-x86_64-debian-clang 1.0.2 1.43 23.53 24.96 NOTE
r-devel-linux-x86_64-debian-gcc 1.0.2 1.69 18.79 20.48 NOTE
r-devel-linux-x86_64-fedora-clang 1.0.2 46.11 NOTE
r-devel-linux-x86_64-fedora-gcc 1.0.2 45.30 NOTE
r-devel-windows-x86_64 1.0.2 7.00 52.00 59.00 NOTE
r-patched-linux-x86_64 1.0.2 1.67 23.35 25.02 OK
r-release-linux-x86_64 1.0.2 2.14 23.36 25.50 OK
r-release-macos-arm64 1.0.2 17.00 OK
r-release-macos-x86_64 1.0.2 22.00 OK
r-release-windows-x86_64 1.0.2 9.00 50.00 59.00 OK
r-oldrel-macos-arm64 1.0.2 19.00 OK
r-oldrel-macos-x86_64 1.0.2 22.00 OK
r-oldrel-windows-ix86+x86_64 1.0.2 5.00 46.00 51.00 OK

Check Details

Version: 1.0.2
Check: package subdirectories
Result: NOTE
    Problems with news in 'NEWS.md':
    No news entries found.
Flavors: r-devel-linux-x86_64-debian-clang, r-devel-linux-x86_64-debian-gcc, r-devel-linux-x86_64-fedora-clang, r-devel-linux-x86_64-fedora-gcc, r-devel-windows-x86_64