CRAN Package Check Results for Package gitlabr

Last updated on 2020-05-28 07:47:57 CEST.

Flavor Version Tinstall Tcheck Ttotal Status Flags
r-devel-linux-x86_64-debian-clang 1.1.6 5.77 44.91 50.68 NOTE
r-devel-linux-x86_64-debian-gcc 1.1.6 4.30 33.79 38.09 NOTE
r-devel-linux-x86_64-fedora-clang 1.1.6 62.01 NOTE
r-devel-linux-x86_64-fedora-gcc 1.1.6 59.16 NOTE
r-devel-windows-ix86+x86_64 1.1.6 17.00 90.00 107.00 OK
r-patched-linux-x86_64 1.1.6 5.05 43.69 48.74 NOTE
r-patched-solaris-x86 1.1.6 86.70 NOTE
r-release-linux-x86_64 1.1.6 4.89 43.09 47.98 NOTE
r-release-osx-x86_64 1.1.6 OK
r-release-windows-ix86+x86_64 1.1.6 21.00 84.00 105.00 OK
r-oldrel-osx-x86_64 1.1.6 OK
r-oldrel-windows-ix86+x86_64 1.1.6 13.00 60.00 73.00 OK

Check Details

Version: 1.1.6
Check: for non-standard things in the check directory
Result: NOTE
    Found the following files/directories:
     '.gitlab-ci.yml'
Flavors: r-devel-linux-x86_64-debian-clang, r-devel-linux-x86_64-debian-gcc, r-devel-linux-x86_64-fedora-clang, r-devel-linux-x86_64-fedora-gcc, r-patched-linux-x86_64, r-patched-solaris-x86, r-release-linux-x86_64