CRAN Package Check Results for Package gitcreds

Last updated on 2024-05-18 07:09:38 CEST.

Flavor Version Tinstall Tcheck Ttotal Status Flags
r-devel-linux-x86_64-debian-clang 0.1.2 2.59 35.79 38.38 OK
r-devel-linux-x86_64-debian-gcc 0.1.2 1.75 27.04 28.79 OK
r-devel-linux-x86_64-fedora-clang 0.1.2 49.33 OK
r-devel-linux-x86_64-fedora-gcc 0.1.2 65.36 OK
r-devel-windows-x86_64 0.1.2 3.00 50.00 53.00 OK
r-patched-linux-x86_64 0.1.2 2.98 34.33 37.31 OK
r-release-linux-x86_64 0.1.2 2.82 33.47 36.29 OK
r-release-macos-arm64 0.1.2 24.00 ERROR
r-release-windows-x86_64 0.1.2 6.00 50.00 56.00 OK
r-oldrel-macos-arm64 0.1.2 26.00 OK
r-oldrel-macos-x86_64 0.1.2 39.00 OK
r-oldrel-windows-x86_64 0.1.2 5.00 52.00 57.00 OK

Check Details

Version: 0.1.2
Check: tests
Result: ERROR Running ‘testthat.R’ [0s/0s] Running the tests in ‘tests/testthat.R’ failed. Complete output: > library(testthat) > library(gitcreds) > > test_check("gitcreds", reporter = "progress") Error in loadNamespace(x) : there is no package called 'desc' Calls: test_check ... loadNamespace -> withRestarts -> withOneRestart -> doWithOneRestart Execution halted Flavor: r-release-macos-arm64