CRAN Package Check Results for Package ghypernet

Last updated on 2024-06-25 12:53:16 CEST.

Flavor Version Tinstall Tcheck Ttotal Status Flags
r-devel-linux-x86_64-debian-clang 1.1.0 36.64 275.17 311.81 OK
r-devel-linux-x86_64-debian-gcc 1.1.0 28.60 194.36 222.96 OK
r-devel-linux-x86_64-fedora-clang 1.1.0 388.26 NOTE
r-devel-linux-x86_64-fedora-gcc 1.1.0 370.44 NOTE
r-devel-windows-x86_64 1.1.0 28.00 249.00 277.00 OK
r-patched-linux-x86_64 1.1.0 35.95 259.47 295.42 OK
r-release-linux-x86_64 1.1.0 31.65 261.84 293.49 OK
r-release-macos-arm64 1.1.0 100.00 OK
r-release-macos-x86_64 1.1.0 167.00 OK
r-release-windows-x86_64 1.1.0 27.00 221.00 248.00 OK
r-oldrel-macos-arm64 1.1.0 119.00 OK
r-oldrel-macos-x86_64 1.1.0 179.00 OK
r-oldrel-windows-x86_64 1.1.0 37.00 285.00 322.00 OK

Check Details

Version: 1.1.0
Check: dependencies in R code
Result: NOTE Namespace in Imports field not imported from: ‘methods’ All declared Imports should be used. Flavors: r-devel-linux-x86_64-fedora-clang, r-devel-linux-x86_64-fedora-gcc

Version: 1.1.0
Check: data for non-ASCII characters
Result: NOTE Note: found 11 marked UTF-8 strings Flavors: r-devel-linux-x86_64-fedora-clang, r-devel-linux-x86_64-fedora-gcc