CRAN Package Check Results for Package ggtern

Last updated on 2020-05-31 13:47:56 CEST.

Flavor Version Tinstall Tcheck Ttotal Status Flags
r-devel-linux-x86_64-debian-clang 3.3.0 16.44 126.10 142.54 OK
r-devel-linux-x86_64-debian-gcc 3.3.0 12.75 91.03 103.78 OK
r-devel-linux-x86_64-fedora-clang 3.3.0 177.93 NOTE
r-devel-linux-x86_64-fedora-gcc 3.3.0 162.45 NOTE
r-devel-windows-ix86+x86_64 3.3.0 41.00 150.00 191.00 OK
r-patched-linux-x86_64 3.3.0 17.91 120.57 138.48 OK
r-patched-solaris-x86 3.3.0 213.50 NOTE
r-release-linux-x86_64 3.3.0 16.53 121.69 138.22 OK
r-release-osx-x86_64 3.3.0 NOTE
r-release-windows-ix86+x86_64 3.3.0 31.00 181.00 212.00 OK
r-oldrel-osx-x86_64 3.3.0 NOTE
r-oldrel-windows-ix86+x86_64 3.3.0 26.00 141.00 167.00 OK

Check Details

Version: 3.3.0
Check: dependencies in R code
Result: NOTE
    Namespace in Imports field not imported from: ‘hexbin’
     All declared Imports should be used.
Flavors: r-devel-linux-x86_64-fedora-clang, r-devel-linux-x86_64-fedora-gcc, r-patched-solaris-x86, r-release-osx-x86_64, r-oldrel-osx-x86_64