CRAN Package Check Results for Package ggtern

Last updated on 2022-08-18 18:50:00 CEST.

Flavor Version Tinstall Tcheck Ttotal Status Flags
r-devel-linux-x86_64-debian-clang 3.3.5 16.69 159.91 176.60 OK
r-devel-linux-x86_64-debian-gcc 3.3.5 14.76 115.53 130.29 OK
r-devel-linux-x86_64-fedora-clang 3.3.5 218.04 NOTE
r-devel-linux-x86_64-fedora-gcc 3.3.5 207.83 NOTE
r-devel-windows-x86_64 3.3.5 59.00 200.00 259.00 OK
r-patched-linux-x86_64 3.3.5 25.84 144.18 170.02 OK
r-release-linux-x86_64 3.3.5 OK
r-release-macos-arm64 3.3.5 52.00 NOTE
r-release-macos-x86_64 3.3.5 102.00 NOTE
r-release-windows-x86_64 3.3.5 85.00 186.00 271.00 OK
r-oldrel-macos-arm64 3.3.5 66.00 NOTE
r-oldrel-macos-x86_64 3.3.5 73.00 NOTE
r-oldrel-windows-ix86+x86_64 3.3.5 36.00 179.00 215.00 OK

Check Details

Version: 3.3.5
Check: dependencies in R code
Result: NOTE
    Namespace in Imports field not imported from: ‘hexbin’
     All declared Imports should be used.
Flavors: r-devel-linux-x86_64-fedora-clang, r-devel-linux-x86_64-fedora-gcc, r-release-macos-arm64, r-release-macos-x86_64, r-oldrel-macos-arm64, r-oldrel-macos-x86_64

Version: 3.3.5
Check: Rd cross-references
Result: NOTE
    Undeclared packages ‘chemometrics’, ‘rlang’ in Rd xrefs
Flavor: r-devel-linux-x86_64-fedora-clang