CRAN Package Check Results for Package ggspectra

Last updated on 2024-06-13 00:55:15 CEST.

Flavor Version Tinstall Tcheck Ttotal Status Flags
r-devel-linux-x86_64-debian-clang 0.3.12 18.95 424.64 443.59 OK
r-devel-linux-x86_64-debian-gcc 0.3.12 0.75 1.93 2.68 ERROR
r-devel-linux-x86_64-fedora-clang 0.3.12 575.12 OK
r-devel-linux-x86_64-fedora-gcc 0.3.12 537.47 OK
r-devel-windows-x86_64 0.3.12 15.00 328.00 343.00 OK
r-patched-linux-x86_64 0.3.12 18.69 402.28 420.97 OK
r-release-linux-x86_64 0.3.12 10.03 404.47 414.50 OK
r-release-macos-arm64 0.3.12 149.00 OK
r-release-macos-x86_64 0.3.12 184.00 OK
r-release-windows-x86_64 0.3.12 14.00 300.00 314.00 OK
r-oldrel-macos-arm64 0.3.12 127.00 OK
r-oldrel-macos-x86_64 0.3.12 336.00 OK
r-oldrel-windows-x86_64 0.3.12 18.00 385.00 403.00 OK

Check Details

Version: 0.3.12
Check: package dependencies
Result: ERROR Packages required but not available: 'photobiology', 'ggplot2', 'photobiologyWavebands', 'ggrepel', 'lubridate', 'tibble' See section ‘The DESCRIPTION file’ in the ‘Writing R Extensions’ manual. Flavor: r-devel-linux-x86_64-debian-gcc