CRAN Package Check Results for Package ggshadow

Last updated on 2022-09-26 19:50:37 CEST.

Flavor Version Tinstall Tcheck Ttotal Status Flags
r-devel-linux-x86_64-debian-clang 0.0.2 6.41 72.38 78.79 NOTE
r-devel-linux-x86_64-debian-gcc 0.0.2 4.90 53.69 58.59 NOTE
r-devel-linux-x86_64-fedora-clang 0.0.2 107.28 NOTE
r-devel-linux-x86_64-fedora-gcc 0.0.2 108.01 NOTE
r-devel-windows-x86_64 0.0.2 24.00 113.00 137.00 NOTE
r-patched-linux-x86_64 0.0.2 6.72 66.12 72.84 NOTE
r-release-linux-x86_64 0.0.2 6.02 66.07 72.09 NOTE
r-release-macos-arm64 0.0.2 29.00 NOTE
r-release-macos-x86_64 0.0.2 53.00 NOTE
r-release-windows-x86_64 0.0.2 31.00 109.00 140.00 NOTE
r-oldrel-macos-arm64 0.0.2 35.00 NOTE
r-oldrel-macos-x86_64 0.0.2 49.00 NOTE
r-oldrel-windows-ix86+x86_64 0.0.2 17.00 113.00 130.00 NOTE

Check Details

Version: 0.0.2
Check: LazyData
Result: NOTE
     'LazyData' is specified without a 'data' directory
Flavors: r-devel-linux-x86_64-debian-clang, r-devel-linux-x86_64-debian-gcc, r-devel-linux-x86_64-fedora-clang, r-devel-linux-x86_64-fedora-gcc, r-devel-windows-x86_64, r-patched-linux-x86_64, r-release-linux-x86_64, r-release-macos-arm64, r-release-macos-x86_64, r-release-windows-x86_64, r-oldrel-macos-arm64, r-oldrel-macos-x86_64, r-oldrel-windows-ix86+x86_64

Version: 0.0.2
Check: Rd cross-references
Result: NOTE
    Undeclared package ‘RColorBrewer’ in Rd xrefs
Flavor: r-devel-linux-x86_64-fedora-clang