CRAN Package Check Results for Package ggridges

Last updated on 2020-09-20 07:51:29 CEST.

Flavor Version Tinstall Tcheck Ttotal Status Flags
r-devel-linux-x86_64-debian-clang 0.5.2 8.48 106.84 115.32 OK
r-devel-linux-x86_64-debian-gcc 0.5.2 7.42 78.23 85.65 OK
r-devel-linux-x86_64-fedora-clang 0.5.2 142.12 NOTE
r-devel-linux-x86_64-fedora-gcc 0.5.2 133.26 NOTE
r-devel-windows-ix86+x86_64 0.5.2 20.00 113.00 133.00 OK
r-patched-linux-x86_64 0.5.2 7.38 100.79 108.17 OK
r-patched-solaris-x86 0.5.2 183.30 NOTE
r-release-linux-x86_64 0.5.2 8.96 100.22 109.18 OK
r-release-macos-x86_64 0.5.2 NOTE
r-release-windows-ix86+x86_64 0.5.2 17.00 135.00 152.00 OK
r-oldrel-macos-x86_64 0.5.2 NOTE
r-oldrel-windows-ix86+x86_64 0.5.2 12.00 103.00 115.00 OK

Check Details

Version: 0.5.2
Check: data for non-ASCII characters
Result: NOTE
     Note: found 6242 marked UTF-8 strings
Flavors: r-devel-linux-x86_64-fedora-clang, r-devel-linux-x86_64-fedora-gcc, r-patched-solaris-x86, r-release-macos-x86_64, r-oldrel-macos-x86_64