CRAN Package Check Results for Package ggpol

Last updated on 2020-05-30 07:49:22 CEST.

Flavor Version Tinstall Tcheck Ttotal Status Flags
r-devel-linux-x86_64-debian-clang 0.0.6 9.23 49.68 58.91 OK
r-devel-linux-x86_64-debian-gcc 0.0.6 7.31 37.37 44.68 OK
r-devel-linux-x86_64-fedora-clang 0.0.6 71.12 NOTE
r-devel-linux-x86_64-fedora-gcc 0.0.6 72.07 NOTE
r-devel-windows-ix86+x86_64 0.0.6 26.00 96.00 122.00 OK
r-patched-linux-x86_64 0.0.6 8.67 47.62 56.29 OK
r-patched-solaris-x86 0.0.6 97.00 NOTE
r-release-linux-x86_64 0.0.6 8.31 48.18 56.49 OK
r-release-osx-x86_64 0.0.6 NOTE
r-release-windows-ix86+x86_64 0.0.6 20.00 81.00 101.00 OK
r-oldrel-osx-x86_64 0.0.6 NOTE
r-oldrel-windows-ix86+x86_64 0.0.6 17.00 63.00 80.00 OK

Check Details

Version: 0.0.6
Check: dependencies in R code
Result: NOTE
    Namespaces in Imports field not imported from:
     ‘dplyr’ ‘grDevices’
     All declared Imports should be used.
Flavors: r-devel-linux-x86_64-fedora-clang, r-devel-linux-x86_64-fedora-gcc, r-patched-solaris-x86, r-release-osx-x86_64, r-oldrel-osx-x86_64