CRAN Package Check Results for Package ggplotAssist

Last updated on 2020-05-31 13:47:56 CEST.

Flavor Version Tinstall Tcheck Ttotal Status Flags
r-devel-linux-x86_64-debian-clang 0.1.3 7.82 58.97 66.79 OK
r-devel-linux-x86_64-debian-gcc 0.1.3 7.06 44.20 51.26 OK
r-devel-linux-x86_64-fedora-clang 0.1.3 89.25 NOTE
r-devel-linux-x86_64-fedora-gcc 0.1.3 80.24 NOTE
r-devel-windows-ix86+x86_64 0.1.3 29.00 118.00 147.00 OK
r-patched-linux-x86_64 0.1.3 7.57 57.22 64.79 OK
r-patched-solaris-x86 0.1.3 120.80 NOTE
r-release-linux-x86_64 0.1.3 7.35 57.00 64.35 OK
r-release-osx-x86_64 0.1.3 NOTE
r-release-windows-ix86+x86_64 0.1.3 23.00 101.00 124.00 OK
r-oldrel-osx-x86_64 0.1.3 NOTE
r-oldrel-windows-ix86+x86_64 0.1.3 17.00 75.00 92.00 OK

Check Details

Version: 0.1.3
Check: dependencies in R code
Result: NOTE
    Namespaces in Imports field not imported from:
     ‘gcookbook’ ‘ggthemes’ ‘moonBook’ ‘tidyverse’
     All declared Imports should be used.
Flavors: r-devel-linux-x86_64-fedora-clang, r-devel-linux-x86_64-fedora-gcc, r-patched-solaris-x86, r-release-osx-x86_64, r-oldrel-osx-x86_64