CRAN Package Check Results for Package ggplot.multistats

Last updated on 2024-06-22 12:48:28 CEST.

Flavor Version Tinstall Tcheck Ttotal Status Flags
r-devel-linux-x86_64-debian-clang 1.0.0 5.67 50.75 56.42 NOTE
r-devel-linux-x86_64-debian-gcc 1.0.0 4.04 39.01 43.05 NOTE
r-devel-linux-x86_64-fedora-clang 1.0.0 73.94 NOTE
r-devel-linux-x86_64-fedora-gcc 1.0.0 66.92 NOTE
r-devel-windows-x86_64 1.0.0 7.00 61.00 68.00 NOTE
r-patched-linux-x86_64 1.0.0 10.43 47.02 57.45 NOTE
r-release-linux-x86_64 1.0.0 4.73 47.90 52.63 NOTE
r-release-macos-arm64 1.0.0 25.00 NOTE
r-release-macos-x86_64 1.0.0 36.00 NOTE
r-release-windows-x86_64 1.0.0 7.00 63.00 70.00 NOTE
r-oldrel-macos-arm64 1.0.0 27.00 NOTE
r-oldrel-macos-x86_64 1.0.0 35.00 NOTE
r-oldrel-windows-x86_64 1.0.0 7.00 69.00 76.00 NOTE

Check Details

Version: 1.0.0
Check: LazyData
Result: NOTE 'LazyData' is specified without a 'data' directory Flavors: r-devel-linux-x86_64-debian-clang, r-devel-linux-x86_64-debian-gcc, r-devel-linux-x86_64-fedora-clang, r-devel-linux-x86_64-fedora-gcc, r-devel-windows-x86_64, r-patched-linux-x86_64, r-release-linux-x86_64, r-release-macos-arm64, r-release-macos-x86_64, r-release-windows-x86_64, r-oldrel-macos-arm64, r-oldrel-macos-x86_64, r-oldrel-windows-x86_64