CRAN Package Check Results for Package ggpattern

Last updated on 2024-06-14 00:53:43 CEST.

Flavor Version Tinstall Tcheck Ttotal Status Flags
r-devel-linux-x86_64-debian-clang 1.1.1 10.89 177.81 188.70 OK
r-devel-linux-x86_64-debian-gcc 1.1.1 0.74 2.02 2.76 ERROR
r-devel-linux-x86_64-fedora-clang 1.1.1 248.32 OK
r-devel-linux-x86_64-fedora-gcc 1.1.1 255.37 OK
r-devel-windows-x86_64 1.1.1 9.00 140.00 149.00 OK
r-patched-linux-x86_64 1.1.1 14.40 175.66 190.06 OK
r-release-linux-x86_64 1.1.1 9.54 174.89 184.43 OK
r-release-macos-arm64 1.1.1 68.00 OK
r-release-macos-x86_64 1.1.1 151.00 OK
r-release-windows-x86_64 1.1.1 9.00 140.00 149.00 OK
r-oldrel-macos-arm64 1.1.1 85.00 OK
r-oldrel-macos-x86_64 1.1.1 164.00 OK
r-oldrel-windows-x86_64 1.1.1 12.00 169.00 181.00 OK

Check Details

Version: 1.1.1
Check: package dependencies
Result: ERROR Packages required but not available: 'ggplot2', 'vctrs' Packages suggested but not available for checking: 'dplyr', 'gganimate', 'magick', 'readr', 'testthat', 'vdiffr' See section ‘The DESCRIPTION file’ in the ‘Writing R Extensions’ manual. Flavor: r-devel-linux-x86_64-debian-gcc