CRAN Package Check Results for Package gginference

Last updated on 2020-10-28 19:47:47 CET.

Flavor Version Tinstall Tcheck Ttotal Status Flags
r-devel-linux-x86_64-debian-clang 0.1.1 4.18 45.67 49.85 OK
r-devel-linux-x86_64-debian-gcc 0.1.1 3.44 34.70 38.14 OK
r-devel-linux-x86_64-fedora-clang 0.1.1 71.35 NOTE
r-devel-linux-x86_64-fedora-gcc 0.1.1 58.07 NOTE
r-devel-windows-ix86+x86_64 0.1.1 12.00 66.00 78.00 OK
r-patched-linux-x86_64 0.1.1 OK
r-patched-solaris-x86 0.1.1 84.90 NOTE
r-release-linux-x86_64 0.1.1 4.17 42.48 46.65 OK
r-release-macos-x86_64 0.1.1 NOTE
r-release-windows-ix86+x86_64 0.1.1 10.00 47.00 57.00 OK
r-oldrel-macos-x86_64 0.1.1 NOTE
r-oldrel-windows-ix86+x86_64 0.1.1 9.00 60.00 69.00 OK

Check Details

Version: 0.1.1
Check: dependencies in R code
Result: NOTE
    Namespace in Imports field not imported from: ‘utils’
     All declared Imports should be used.
Flavors: r-devel-linux-x86_64-fedora-clang, r-devel-linux-x86_64-fedora-gcc, r-patched-solaris-x86, r-release-macos-x86_64, r-oldrel-macos-x86_64