CRAN Package Check Results for Package ggghost

Last updated on 2022-10-02 12:55:54 CEST.

Flavor Version Tinstall Tcheck Ttotal Status Flags
r-devel-linux-x86_64-debian-clang 0.2.1 4.96 68.70 73.66 NOTE
r-devel-linux-x86_64-debian-gcc 0.2.1 4.05 48.53 52.58 NOTE
r-devel-linux-x86_64-fedora-clang 0.2.1 99.45 NOTE
r-devel-linux-x86_64-fedora-gcc 0.2.1 98.35 NOTE
r-devel-windows-x86_64 0.2.1 14.00 89.00 103.00 NOTE
r-patched-linux-x86_64 0.2.1 9.98 61.98 71.96 NOTE
r-release-linux-x86_64 0.2.1 4.91 60.72 65.63 NOTE
r-release-macos-arm64 0.2.1 26.00 NOTE
r-release-macos-x86_64 0.2.1 46.00 NOTE
r-release-windows-x86_64 0.2.1 12.00 88.00 100.00 NOTE
r-oldrel-macos-arm64 0.2.1 32.00 NOTE
r-oldrel-macos-x86_64 0.2.1 42.00 NOTE
r-oldrel-windows-ix86+x86_64 0.2.1 15.00 86.00 101.00 NOTE

Check Details

Version: 0.2.1
Check: LazyData
Result: NOTE
     'LazyData' is specified without a 'data' directory
Flavors: r-devel-linux-x86_64-debian-clang, r-devel-linux-x86_64-debian-gcc, r-devel-linux-x86_64-fedora-clang, r-devel-linux-x86_64-fedora-gcc, r-devel-windows-x86_64, r-patched-linux-x86_64, r-release-linux-x86_64, r-release-macos-arm64, r-release-macos-x86_64, r-release-windows-x86_64, r-oldrel-macos-arm64, r-oldrel-macos-x86_64, r-oldrel-windows-ix86+x86_64