CRAN Package Check Results for Package ggfx

Last updated on 2024-06-18 07:03:54 CEST.

Flavor Version Tinstall Tcheck Ttotal Status Flags
r-devel-linux-x86_64-debian-clang 1.0.1 10.09 133.79 143.88 NOTE
r-devel-linux-x86_64-debian-gcc 1.0.1 7.50 98.45 105.95 NOTE
r-devel-linux-x86_64-fedora-clang 1.0.1 195.01 NOTE
r-devel-linux-x86_64-fedora-gcc 1.0.1 172.57 NOTE
r-devel-windows-x86_64 1.0.1 10.00 112.00 122.00 NOTE
r-patched-linux-x86_64 1.0.1 16.10 122.51 138.61 NOTE
r-release-linux-x86_64 1.0.1 7.84 124.37 132.21 NOTE
r-release-macos-arm64 1.0.1 54.00 NOTE
r-release-macos-x86_64 1.0.1 81.00 NOTE
r-release-windows-x86_64 1.0.1 10.00 109.00 119.00 NOTE
r-oldrel-macos-arm64 1.0.1 55.00 OK
r-oldrel-macos-x86_64 1.0.1 92.00 OK
r-oldrel-windows-x86_64 1.0.1 12.00 132.00 144.00 OK

Check Details

Version: 1.0.1
Check: Rd files
Result: NOTE checkRd: (-1) render_context.Rd:42: Lost braces; missing escapes or markup? 42 | \item{xmin, ymin, xmax, ymax}{Boundaries of the area in pixels. {0,0} is the | ^ Flavors: r-devel-linux-x86_64-debian-clang, r-devel-linux-x86_64-debian-gcc, r-devel-linux-x86_64-fedora-clang, r-devel-linux-x86_64-fedora-gcc, r-devel-windows-x86_64, r-patched-linux-x86_64, r-release-linux-x86_64, r-release-macos-arm64, r-release-macos-x86_64, r-release-windows-x86_64