CRAN Package Check Results for Package ggetho

Last updated on 2022-08-13 18:51:01 CEST.

Flavor Version Tinstall Tcheck Ttotal Status Flags
r-devel-linux-x86_64-debian-clang 0.3.6 7.15 188.46 195.61 NOTE
r-devel-linux-x86_64-debian-gcc 0.3.6 4.93 119.69 124.62 NOTE
r-devel-linux-x86_64-fedora-clang 0.3.6 208.22 NOTE
r-devel-linux-x86_64-fedora-gcc 0.3.6 190.61 NOTE
r-devel-windows-x86_64 0.3.6 19.00 170.00 189.00 NOTE
r-patched-linux-x86_64 0.3.6 10.91 151.19 162.10 NOTE
r-release-linux-x86_64 0.3.6 7.11 148.61 155.72 NOTE
r-release-macos-arm64 0.3.6 44.00 NOTE
r-release-macos-x86_64 0.3.6 85.00 NOTE
r-release-windows-x86_64 0.3.6 19.00 166.00 185.00 NOTE
r-oldrel-macos-arm64 0.3.6 51.00 NOTE
r-oldrel-macos-x86_64 0.3.6 82.00 NOTE
r-oldrel-windows-ix86+x86_64 0.3.6 18.00 162.00 180.00 NOTE

Check Details

Version: 0.3.6
Check: LazyData
Result: NOTE
     'LazyData' is specified without a 'data' directory
Flavors: r-devel-linux-x86_64-debian-clang, r-devel-linux-x86_64-debian-gcc, r-devel-linux-x86_64-fedora-clang, r-devel-linux-x86_64-fedora-gcc, r-devel-windows-x86_64, r-patched-linux-x86_64, r-release-linux-x86_64, r-release-macos-arm64, r-release-macos-x86_64, r-release-windows-x86_64, r-oldrel-macos-arm64, r-oldrel-macos-x86_64, r-oldrel-windows-ix86+x86_64