CRAN Package Check Results for Package ggenealogy

Last updated on 2022-08-19 21:50:57 CEST.

Flavor Version Tinstall Tcheck Ttotal Status Flags
r-devel-linux-x86_64-debian-clang 1.0.1 3.78 193.41 197.19 OK
r-devel-linux-x86_64-debian-gcc 1.0.1 2.91 142.96 145.87 OK
r-devel-linux-x86_64-fedora-clang 1.0.1 235.84 NOTE
r-devel-linux-x86_64-fedora-gcc 1.0.1 234.73 NOTE
r-devel-windows-x86_64 1.0.1 37.00 234.00 271.00 OK
r-patched-linux-x86_64 1.0.1 4.12 174.85 178.97 OK
r-release-linux-x86_64 1.0.1 OK
r-release-macos-arm64 1.0.1 99.00 NOTE
r-release-macos-x86_64 1.0.1 158.00 NOTE
r-release-windows-x86_64 1.0.1 25.00 235.00 260.00 OK
r-oldrel-macos-arm64 1.0.1 123.00 NOTE
r-oldrel-macos-x86_64 1.0.1 168.00 NOTE
r-oldrel-windows-ix86+x86_64 1.0.1 9.00 223.00 232.00 OK

Check Details

Version: 1.0.1
Check: dependencies in R code
Result: NOTE
    Namespace in Imports field not imported from: ‘tibble’
     All declared Imports should be used.
Flavors: r-devel-linux-x86_64-fedora-clang, r-devel-linux-x86_64-fedora-gcc, r-release-macos-arm64, r-release-macos-x86_64, r-oldrel-macos-arm64, r-oldrel-macos-x86_64

Version: 1.0.1
Check: data for non-ASCII characters
Result: NOTE
     Note: found 2356 marked UTF-8 strings
Flavors: r-devel-linux-x86_64-fedora-clang, r-devel-linux-x86_64-fedora-gcc, r-release-macos-arm64, r-release-macos-x86_64, r-oldrel-macos-arm64, r-oldrel-macos-x86_64