CRAN Package Check Results for Package ggdmc

Last updated on 2022-09-26 06:51:12 CEST.

Flavor Version Tinstall Tcheck Ttotal Status Flags
r-devel-linux-x86_64-debian-clang 0.2.6.0 135.58 85.46 221.04 NOTE
r-devel-linux-x86_64-debian-gcc 0.2.6.0 116.01 62.39 178.40 NOTE
r-devel-linux-x86_64-fedora-clang 0.2.6.0 316.71 NOTE
r-devel-linux-x86_64-fedora-gcc 0.2.6.0 316.90 NOTE
r-devel-windows-x86_64 0.2.6.0 121.00 126.00 247.00 NOTE
r-patched-linux-x86_64 0.2.6.0 121.93 80.07 202.00 NOTE
r-release-linux-x86_64 0.2.6.0 124.89 79.25 204.14 NOTE
r-release-macos-arm64 0.2.6.0 72.00 NOTE
r-release-macos-x86_64 0.2.6.0 106.00 NOTE
r-release-windows-x86_64 0.2.6.0 119.00 131.00 250.00 NOTE
r-oldrel-macos-arm64 0.2.6.0 76.00 NOTE
r-oldrel-macos-x86_64 0.2.6.0 109.00 NOTE
r-oldrel-windows-ix86+x86_64 0.2.6.0 327.00 139.00 466.00 NOTE

Check Details

Version: 0.2.6.0
Check: LazyData
Result: NOTE
     'LazyData' is specified without a 'data' directory
Flavors: r-devel-linux-x86_64-debian-clang, r-devel-linux-x86_64-debian-gcc, r-devel-linux-x86_64-fedora-clang, r-devel-linux-x86_64-fedora-gcc, r-devel-windows-x86_64, r-patched-linux-x86_64, r-release-linux-x86_64, r-release-macos-arm64, r-release-macos-x86_64, r-release-windows-x86_64, r-oldrel-macos-arm64, r-oldrel-macos-x86_64, r-oldrel-windows-ix86+x86_64

Version: 0.2.6.0
Check: installed package size
Result: NOTE
     installed size is 5.5Mb
     sub-directories of 1Mb or more:
     libs 5.1Mb
Flavors: r-release-macos-arm64, r-release-macos-x86_64, r-oldrel-macos-arm64, r-oldrel-macos-x86_64