Last updated on 2023-04-02 00:57:34 CEST.
Flavor | Version | Tinstall | Tcheck | Ttotal | Status | Flags |
---|---|---|---|---|---|---|
r-devel-linux-x86_64-debian-clang | 0.7.1 | 66.89 | 658.64 | 725.53 | OK | |
r-devel-linux-x86_64-debian-gcc | 0.7.1 | 62.50 | 501.49 | 563.99 | OK | |
r-devel-linux-x86_64-fedora-clang | 0.7.1 | 919.70 | NOTE | |||
r-devel-linux-x86_64-fedora-gcc | 0.7.1 | 971.39 | OK | |||
r-devel-windows-x86_64 | 0.7.1 | 96.00 | 708.00 | 804.00 | NOTE | |
r-patched-linux-x86_64 | 0.7.1 | 66.72 | 635.63 | 702.35 | OK | |
r-release-linux-x86_64 | 0.7.1 | 54.95 | 603.52 | 658.47 | OK | |
r-release-macos-arm64 | 0.7.1 | 8.00 | ERROR | |||
r-release-macos-x86_64 | 0.7.1 | 6.00 | ERROR | |||
r-release-windows-x86_64 | 0.7.1 | 126.00 | 622.00 | 748.00 | NOTE | |
r-oldrel-macos-arm64 | 0.7.1 | 9.00 | ERROR | |||
r-oldrel-macos-x86_64 | 0.7.1 | 12.00 | ERROR | |||
r-oldrel-windows-ix86+x86_64 | 0.7.1 | 144.00 | 611.00 | 755.00 | NOTE |
Version: 0.7.1
Check: package dependencies
Result: NOTE
Imports includes 21 non-default packages.
Importing from so many packages makes the package vulnerable to any of
them becoming unavailable. Move as many as possible to Suggests and
use conditionally.
Flavor: r-devel-linux-x86_64-fedora-clang
Version: 0.7.1
Check: installed package size
Result: NOTE
installed size is 7.1Mb
sub-directories of 1Mb or more:
doc 5.2Mb
extdata 1.2Mb
Flavors: r-devel-linux-x86_64-fedora-clang, r-devel-windows-x86_64, r-release-windows-x86_64, r-oldrel-windows-ix86+x86_64
Version: 0.7.1
Check: package dependencies
Result: ERROR
Package required but not available: ‘ggbio’
Package suggested but not available for checking: ‘BSgenome.Hsapiens.UCSC.hg19’
See section ‘The DESCRIPTION file’ in the ‘Writing R Extensions’
manual.
Flavors: r-release-macos-arm64, r-release-macos-x86_64
Version: 0.7.1
Check: package dependencies
Result: ERROR
Package required but not available: ‘ggbio’
See section ‘The DESCRIPTION file’ in the ‘Writing R Extensions’
manual.
Flavors: r-oldrel-macos-arm64, r-oldrel-macos-x86_64
Version: 0.7.1
Check: R code for possible problems
Result: NOTE
Initiating curl with CURL_SSL_BACKEND: openssl
Flavor: r-oldrel-windows-ix86+x86_64