CRAN Package Check Results for Package ggamma

Last updated on 2022-10-02 12:55:54 CEST.

Flavor Version Tinstall Tcheck Ttotal Status Flags
r-devel-linux-x86_64-debian-clang 1.0.1 2.06 28.49 30.55 NOTE
r-devel-linux-x86_64-debian-gcc 1.0.1 1.57 22.75 24.32 NOTE
r-devel-linux-x86_64-fedora-clang 1.0.1 50.29 NOTE
r-devel-linux-x86_64-fedora-gcc 1.0.1 49.28 NOTE
r-devel-windows-x86_64 1.0.1 4.00 62.00 66.00 NOTE
r-patched-linux-x86_64 1.0.1 1.91 27.70 29.61 NOTE
r-release-linux-x86_64 1.0.1 2.00 27.26 29.26 NOTE
r-release-macos-arm64 1.0.1 19.00 NOTE
r-release-macos-x86_64 1.0.1 23.00 NOTE
r-release-windows-x86_64 1.0.1 8.00 58.00 66.00 NOTE
r-oldrel-macos-arm64 1.0.1 21.00 NOTE
r-oldrel-macos-x86_64 1.0.1 31.00 NOTE
r-oldrel-windows-ix86+x86_64 1.0.1 5.00 52.00 57.00 NOTE

Check Details

Version: 1.0.1
Check: LazyData
Result: NOTE
     'LazyData' is specified without a 'data' directory
Flavors: r-devel-linux-x86_64-debian-clang, r-devel-linux-x86_64-debian-gcc, r-devel-linux-x86_64-fedora-clang, r-devel-linux-x86_64-fedora-gcc, r-devel-windows-x86_64, r-patched-linux-x86_64, r-release-linux-x86_64, r-release-macos-arm64, r-release-macos-x86_64, r-release-windows-x86_64, r-oldrel-macos-arm64, r-oldrel-macos-x86_64, r-oldrel-windows-ix86+x86_64