CRAN Package Check Results for Package ggVennDiagram

Last updated on 2022-08-18 18:50:00 CEST.

Flavor Version Tinstall Tcheck Ttotal Status Flags
r-devel-linux-x86_64-debian-clang 1.2.0 9.47 118.83 128.30 OK
r-devel-linux-x86_64-debian-gcc 1.2.0 5.91 87.70 93.61 OK
r-devel-linux-x86_64-fedora-clang 1.2.0 157.29 NOTE
r-devel-linux-x86_64-fedora-gcc 1.2.0 161.90 OK
r-devel-windows-x86_64 1.2.0 74.00 173.00 247.00 NOTE
r-patched-linux-x86_64 1.2.0 8.05 108.71 116.76 OK
r-release-linux-x86_64 1.2.0 OK
r-release-macos-arm64 1.2.0 52.00 NOTE
r-release-macos-x86_64 1.2.0 91.00 NOTE
r-release-windows-x86_64 1.2.0 83.00 199.00 282.00 ERROR
r-oldrel-macos-arm64 1.2.0 58.00 NOTE
r-oldrel-macos-x86_64 1.2.0 77.00 NOTE
r-oldrel-windows-ix86+x86_64 1.2.0 19.00 160.00 179.00 NOTE

Check Details

Version: 1.2.0
Check: installed package size
Result: NOTE
     installed size is 10.7Mb
     sub-directories of 1Mb or more:
     doc 10.2Mb
Flavors: r-devel-linux-x86_64-fedora-clang, r-devel-windows-x86_64, r-release-macos-arm64, r-release-macos-x86_64, r-release-windows-x86_64, r-oldrel-macos-arm64, r-oldrel-macos-x86_64, r-oldrel-windows-ix86+x86_64

Version: 1.2.0
Check: re-building of vignette outputs
Result: ERROR
    Error(s) in re-building vignettes:
    --- re-building 'fully-customed.Rmd' using rmarkdown
    --- finished re-building 'fully-customed.Rmd'
    
    --- re-building 'using-ggVennDiagram.Rmd' using rmarkdown
    --- finished re-building 'using-ggVennDiagram.Rmd'
    
    --- re-building 'using-new-shapes.Rmd' using rmarkdown
    Could not fetch https://vnote-1251564393.cos.ap-chengdu.myqcloud.com/typora-img/triangles.svg
    HttpExceptionRequest Request {
     host = "vnote-1251564393.cos.ap-chengdu.myqcloud.com"
     port = 443
     secure = True
     requestHeaders = []
     path = "/typora-img/triangles.svg"
     queryString = ""
     method = "GET"
     proxy = Nothing
     rawBody = False
     redirectCount = 10
     responseTimeout = ResponseTimeoutDefault
     requestVersion = HTTP/1.1
    }
     ConnectionTimeout
    Error: processing vignette 'using-new-shapes.Rmd' failed with diagnostics:
    pandoc document conversion failed with error 61
    --- failed re-building 'using-new-shapes.Rmd'
    
    --- re-building 'venn-plot-with-more-than-four-sets.Rmd' using rmarkdown
    --- finished re-building 'venn-plot-with-more-than-four-sets.Rmd'
    
    SUMMARY: processing the following file failed:
     'using-new-shapes.Rmd'
    
    Error: Vignette re-building failed.
    Execution halted
Flavor: r-release-windows-x86_64