CRAN Package Check Results for Package ggOceanMaps

Last updated on 2022-09-27 21:53:50 CEST.

Flavor Version Tinstall Tcheck Ttotal Status Flags
r-devel-linux-x86_64-debian-clang 1.3.0 33.37 310.22 343.59 NOTE
r-devel-linux-x86_64-debian-gcc 1.3.0 28.95 224.76 253.71 NOTE
r-devel-linux-x86_64-fedora-clang 1.3.4 228.52 NOTE
r-devel-linux-x86_64-fedora-gcc 1.3.4 404.52 NOTE
r-devel-windows-x86_64 1.3.0 53.00 298.00 351.00 NOTE
r-patched-linux-x86_64 1.3.0 33.09 291.10 324.19 NOTE
r-release-linux-x86_64 1.3.0 28.39 300.81 329.20 NOTE
r-release-macos-arm64 1.3.4 96.00 NOTE
r-release-macos-x86_64 1.3.0 127.00 NOTE
r-release-windows-x86_64 1.3.4 83.00 266.00 349.00 NOTE
r-oldrel-macos-arm64 1.3.0 91.00 NOTE
r-oldrel-macos-x86_64 1.3.0 124.00 NOTE
r-oldrel-windows-ix86+x86_64 1.3.4 74.00 298.00 372.00 NOTE

Check Details

Version: 1.3.0
Check: package dependencies
Result: NOTE
    Package suggested but not available for checking: 'ggOceanMapsData'
Flavors: r-devel-linux-x86_64-debian-clang, r-devel-linux-x86_64-debian-gcc, r-devel-windows-x86_64, r-patched-linux-x86_64, r-release-linux-x86_64, r-release-macos-x86_64, r-oldrel-macos-arm64, r-oldrel-macos-x86_64

Version: 1.3.4
Check: package dependencies
Result: NOTE
    Package suggested but not available for checking: ‘ggOceanMapsData’
Flavors: r-devel-linux-x86_64-fedora-clang, r-devel-linux-x86_64-fedora-gcc, r-release-macos-arm64, r-release-windows-x86_64, r-oldrel-windows-ix86+x86_64