CRAN Package Check Results for Package ggHoriPlot

Last updated on 2022-08-17 06:51:17 CEST.

Flavor Version Tinstall Tcheck Ttotal Status Flags
r-devel-linux-x86_64-debian-clang 1.0.0 7.87 202.02 209.89 OK
r-devel-linux-x86_64-debian-gcc 1.0.0 OK
r-devel-linux-x86_64-fedora-clang 1.0.0 253.70 NOTE
r-devel-linux-x86_64-fedora-gcc 1.0.0 245.85 OK
r-devel-windows-x86_64 1.0.0 25.00 206.00 231.00 OK
r-patched-linux-x86_64 1.0.0 7.11 180.81 187.92 OK
r-release-linux-x86_64 1.0.0 7.18 177.04 184.22 OK
r-release-macos-arm64 1.0.0 77.00 OK
r-release-macos-x86_64 1.0.0 169.00 OK
r-release-windows-x86_64 1.0.0 28.00 217.00 245.00 OK
r-oldrel-macos-arm64 1.0.0 73.00 OK
r-oldrel-macos-x86_64 1.0.0 97.00 OK
r-oldrel-windows-ix86+x86_64 1.0.0 19.00 218.00 237.00 OK

Check Details

Version: 1.0.0
Check: Rd cross-references
Result: NOTE
    Undeclared package ‘rlang’ in Rd xrefs
Flavor: r-devel-linux-x86_64-fedora-clang