CRAN Package Check Results for Package gfonts

Last updated on 2024-05-26 00:56:18 CEST.

Flavor Version Tinstall Tcheck Ttotal Status Flags
r-devel-linux-x86_64-debian-clang 0.2.0 4.71 55.22 59.93 NOTE
r-devel-linux-x86_64-debian-gcc 0.2.0 4.16 41.54 45.70 NOTE
r-devel-linux-x86_64-fedora-clang 0.2.0 73.91 NOTE
r-devel-linux-x86_64-fedora-gcc 0.2.0 83.20 NOTE
r-devel-windows-x86_64 0.2.0 7.00 63.00 70.00 NOTE
r-patched-linux-x86_64 0.2.0 6.30 51.60 57.90 NOTE
r-release-linux-x86_64 0.2.0 6.18 52.20 58.38 NOTE
r-release-macos-arm64 0.2.0 38.00 NOTE
r-release-windows-x86_64 0.2.0 7.00 62.00 69.00 NOTE
r-oldrel-macos-arm64 0.2.0 34.00 OK
r-oldrel-macos-x86_64 0.2.0 51.00 OK
r-oldrel-windows-x86_64 0.2.0 8.00 70.00 78.00 OK

Check Details

Version: 0.2.0
Check: Rd files
Result: NOTE checkRd: (-1) gfonts.Rd:8: Lost braces; missing escapes or markup? 8 | Download Google fonts and generate CSS to use in {rmarkdown} documents and | ^ checkRd: (-1) gfonts.Rd:9: Lost braces; missing escapes or markup? 9 | {shiny} applications. Some popular fonts are included and ready to use. | ^ checkRd: (-1) use_pkg_gfont.Rd:5: Lost braces; missing escapes or markup? 5 | \title{Use a Google Font included in {gfonts}} | ^ Flavors: r-devel-linux-x86_64-debian-clang, r-devel-linux-x86_64-debian-gcc, r-devel-linux-x86_64-fedora-clang, r-devel-linux-x86_64-fedora-gcc, r-devel-windows-x86_64, r-patched-linux-x86_64, r-release-linux-x86_64, r-release-macos-arm64, r-release-windows-x86_64