CRAN Package Check Results for Package getopt

Last updated on 2023-01-30 12:55:19 CET.

Flavor Version Tinstall Tcheck Ttotal Status Flags
r-devel-linux-x86_64-debian-clang 1.20.3 2.11 24.23 26.34 NOTE
r-devel-linux-x86_64-debian-gcc 1.20.3 1.64 19.04 20.68 NOTE
r-devel-linux-x86_64-fedora-clang 1.20.3 34.61 NOTE
r-devel-linux-x86_64-fedora-gcc 1.20.3 32.25 NOTE
r-devel-windows-x86_64 1.20.3 13.00 55.00 68.00 NOTE
r-patched-linux-x86_64 1.20.3 1.74 24.36 26.10 OK
r-release-linux-x86_64 1.20.3 1.90 24.31 26.21 OK
r-release-macos-arm64 1.20.3 17.00 OK
r-release-macos-x86_64 1.20.3 21.00 OK
r-release-windows-x86_64 1.20.3 12.00 55.00 67.00 OK
r-oldrel-macos-arm64 1.20.3 18.00 OK
r-oldrel-macos-x86_64 1.20.3 24.00 OK
r-oldrel-windows-ix86+x86_64 1.20.3 5.00 50.00 55.00 OK

Check Details

Version: 1.20.3
Check: Rd files
Result: NOTE
    checkRd: (-1) getopt.Rd:60: Escaped LaTeX specials: \#
Flavors: r-devel-linux-x86_64-debian-clang, r-devel-linux-x86_64-debian-gcc, r-devel-linux-x86_64-fedora-clang, r-devel-linux-x86_64-fedora-gcc, r-devel-windows-x86_64