CRAN Package Check Results for Package gert

Last updated on 2022-09-30 21:48:57 CEST.

Flavor Version Tinstall Tcheck Ttotal Status Flags
r-devel-linux-x86_64-debian-clang 1.9.0 8.64 37.59 46.23 OK
r-devel-linux-x86_64-debian-gcc 1.9.0 6.72 29.97 36.69 OK
r-devel-linux-x86_64-fedora-clang 1.9.0 72.12 OK
r-devel-linux-x86_64-fedora-gcc 1.9.0 73.02 OK
r-devel-windows-x86_64 1.9.0 42.00 104.00 146.00 OK
r-patched-linux-x86_64 1.9.0 8.52 35.97 44.49 OK
r-release-linux-x86_64 1.9.0 7.38 35.43 42.81 OK
r-release-macos-arm64 1.9.0 29.00 OK
r-release-macos-x86_64 1.9.0 39.00 OK
r-release-windows-x86_64 1.9.0 56.00 103.00 159.00 OK
r-oldrel-macos-arm64 1.9.0 30.00 OK
r-oldrel-macos-x86_64 1.9.0 48.00 OK
r-oldrel-windows-ix86+x86_64 1.9.0 37.00 114.00 151.00 NOTE

Check Details

Version: 1.9.0
Check: installed package size
Result: NOTE
     installed size is 9.6Mb
     sub-directories of 1Mb or more:
     libs 9.3Mb
Flavor: r-oldrel-windows-ix86+x86_64