CRAN Package Check Results for Package geostan

Last updated on 2022-08-17 12:55:15 CEST.

Flavor Version Tinstall Tcheck Ttotal Status Flags
r-devel-linux-x86_64-debian-clang 0.3.0 257.27 575.89 833.16 NOTE
r-devel-linux-x86_64-debian-gcc 0.3.0 NOTE
r-devel-linux-x86_64-fedora-clang 0.3.0 1058.26 NOTE
r-devel-linux-x86_64-fedora-gcc 0.3.0 1133.09 NOTE
r-devel-windows-x86_64 0.3.0 160.00 619.00 779.00 NOTE
r-patched-linux-x86_64 0.3.0 189.77 573.16 762.93 NOTE
r-release-linux-x86_64 0.3.0 147.63 567.98 715.61 NOTE
r-release-macos-arm64 0.3.0 276.00 NOTE
r-release-macos-x86_64 0.3.0 362.00 NOTE
r-release-windows-x86_64 0.3.0 212.00 672.00 884.00 NOTE
r-oldrel-macos-arm64 0.3.0 255.00 NOTE
r-oldrel-macos-x86_64 0.3.0 359.00 NOTE
r-oldrel-windows-ix86+x86_64 0.3.0 469.00 857.00 1326.00 NOTE

Check Details

Version: 0.3.0
Check: for GNU extensions in Makefiles
Result: NOTE
    GNU make is a SystemRequirements.
Flavors: r-devel-linux-x86_64-debian-clang, r-devel-linux-x86_64-debian-gcc, r-devel-linux-x86_64-fedora-clang, r-devel-linux-x86_64-fedora-gcc, r-devel-windows-x86_64, r-patched-linux-x86_64, r-release-linux-x86_64, r-release-macos-arm64, r-release-macos-x86_64, r-release-windows-x86_64, r-oldrel-macos-arm64, r-oldrel-macos-x86_64, r-oldrel-windows-ix86+x86_64

Version: 0.3.0
Check: dependencies in R code
Result: NOTE
    Namespaces in Imports field not imported from:
     ‘RcppParallel’ ‘rstantools’
     All declared Imports should be used.
Flavors: r-devel-linux-x86_64-fedora-clang, r-devel-linux-x86_64-fedora-gcc, r-release-macos-arm64, r-release-macos-x86_64, r-oldrel-macos-arm64, r-oldrel-macos-x86_64

Version: 0.3.0
Check: Rd cross-references
Result: NOTE
    Undeclared package ‘loo’ in Rd xrefs
Flavor: r-devel-linux-x86_64-fedora-clang

Version: 0.3.0
Check: installed package size
Result: NOTE
     installed size is 49.2Mb
     sub-directories of 1Mb or more:
     libs 47.7Mb
Flavors: r-release-macos-arm64, r-release-macos-x86_64, r-oldrel-macos-arm64, r-oldrel-macos-x86_64, r-oldrel-windows-ix86+x86_64