CRAN Package Check Results for Package geospt

Last updated on 2020-10-30 01:48:32 CET.

Flavor Version Tinstall Tcheck Ttotal Status Flags
r-devel-linux-x86_64-debian-clang 1.0-2 8.52 102.90 111.42 OK
r-devel-linux-x86_64-debian-gcc 1.0-2 7.51 75.32 82.83 OK
r-devel-linux-x86_64-fedora-clang 1.0-2 138.32 NOTE
r-devel-linux-x86_64-fedora-gcc 1.0-2 125.26 OK
r-devel-windows-ix86+x86_64 1.0-2 19.00 126.00 145.00 OK
r-patched-linux-x86_64 1.0-2 7.06 94.60 101.66 OK
r-patched-solaris-x86 1.0-2 171.30 OK
r-release-linux-x86_64 1.0-2 7.73 92.98 100.71 OK
r-release-macos-x86_64 1.0-2 OK
r-release-windows-ix86+x86_64 1.0-2 13.00 125.00 138.00 OK
r-oldrel-macos-x86_64 1.0-2 OK
r-oldrel-windows-ix86+x86_64 1.0-2 17.00 117.00 134.00 OK

Check Details

Version: 1.0-2
Check: Rd cross-references
Result: NOTE
    Undeclared package ‘nloptr’ in Rd xrefs
Flavor: r-devel-linux-x86_64-fedora-clang