Last updated on 2023-01-31 19:07:25 CET.
Flavor | Version | Tinstall | Tcheck | Ttotal | Status | Flags |
---|---|---|---|---|---|---|
r-devel-linux-x86_64-debian-clang | 0.1.1 | 2.58 | 26.54 | 29.12 | NOTE | |
r-devel-linux-x86_64-debian-gcc | 0.1.1 | 1.38 | 21.09 | 22.47 | NOTE | |
r-devel-linux-x86_64-fedora-clang | 0.1.1 | 39.28 | NOTE | |||
r-devel-linux-x86_64-fedora-gcc | 0.1.1 | 49.03 | NOTE | |||
r-devel-windows-x86_64 | 0.1.1 | 13.00 | 59.00 | 72.00 | NOTE | |
r-patched-linux-x86_64 | 0.1.1 | 2.06 | 26.88 | 28.94 | NOTE | |
r-release-linux-x86_64 | 0.1.1 | 2.46 | 27.01 | 29.47 | NOTE | |
r-release-macos-arm64 | 0.1.1 | 18.00 | NOTE | |||
r-release-macos-x86_64 | 0.1.1 | 25.00 | NOTE | |||
r-release-windows-x86_64 | 0.1.1 | 13.00 | 64.00 | 77.00 | NOTE | |
r-oldrel-macos-arm64 | 0.1.1 | 16.00 | NOTE | |||
r-oldrel-macos-x86_64 | 0.1.1 | 23.00 | NOTE | |||
r-oldrel-windows-ix86+x86_64 | 0.1.1 | 6.00 | 56.00 | 62.00 | NOTE |
Version: 0.1.1
Check: package dependencies
Result: NOTE
Package suggested but not available for checking: ‘geomarocdata’
Flavors: r-devel-linux-x86_64-debian-clang, r-devel-linux-x86_64-debian-gcc, r-devel-linux-x86_64-fedora-clang, r-devel-linux-x86_64-fedora-gcc, r-devel-windows-x86_64, r-patched-linux-x86_64, r-release-linux-x86_64, r-release-macos-arm64, r-release-macos-x86_64, r-release-windows-x86_64, r-oldrel-macos-arm64, r-oldrel-macos-x86_64, r-oldrel-windows-ix86+x86_64