Last updated on 2021-01-23 07:55:08 CET.
Flavor | Version | Tinstall | Tcheck | Ttotal | Status | Flags |
---|---|---|---|---|---|---|
r-devel-linux-x86_64-debian-clang | 2.0.1 | 97.58 | 32.48 | 130.06 | OK | |
r-devel-linux-x86_64-debian-gcc | 2.0.1 | 66.57 | 25.44 | 92.01 | OK | |
r-devel-linux-x86_64-fedora-clang | 2.0.1 | 188.58 | NOTE | |||
r-devel-linux-x86_64-fedora-gcc | 2.0.1 | 166.12 | OK | |||
r-devel-windows-ix86+x86_64 | 2.0.1 | 205.00 | 74.00 | 279.00 | OK | |
r-patched-linux-x86_64 | 2.0.1 | 75.08 | 31.34 | 106.42 | OK | |
r-patched-solaris-x86 | 2.0.1 | 142.80 | OK | |||
r-release-linux-x86_64 | 2.0.1 | 75.26 | 31.36 | 106.62 | OK | |
r-release-macos-x86_64 | 2.0.1 | NOTE | ||||
r-release-windows-ix86+x86_64 | 2.0.1 | 206.00 | 76.00 | 282.00 | OK | |
r-oldrel-macos-x86_64 | 2.0.1 | NOTE | ||||
r-oldrel-windows-ix86+x86_64 | 2.0.1 | 160.00 | 74.00 | 234.00 | OK |
Version: 2.0.1
Check: installed package size
Result: NOTE
installed size is 9.5Mb
sub-directories of 1Mb or more:
help 1.3Mb
libs 7.3Mb
Flavors: r-devel-linux-x86_64-fedora-clang, r-release-macos-x86_64, r-oldrel-macos-x86_64