CRAN Package Check Results for Package geojsonio

Last updated on 2020-07-05 07:47:33 CEST.

Flavor Version Tinstall Tcheck Ttotal Status Flags
r-devel-linux-x86_64-debian-clang 0.9.2 11.23 120.16 131.39 OK
r-devel-linux-x86_64-debian-gcc 0.9.2 10.49 91.91 102.40 OK
r-devel-linux-x86_64-fedora-clang 0.9.2 143.36 NOTE
r-devel-linux-x86_64-fedora-gcc 0.9.2 133.20 OK
r-devel-windows-ix86+x86_64 0.9.2 48.00 184.00 232.00 OK
r-patched-linux-x86_64 0.9.2 10.38 117.61 127.99 OK
r-patched-solaris-x86 0.9.2 187.10 NOTE
r-release-linux-x86_64 0.9.2 10.63 117.66 128.29 OK
r-release-osx-x86_64 0.9.2 OK
r-release-windows-ix86+x86_64 0.9.2 33.00 147.00 180.00 OK
r-oldrel-osx-x86_64 0.9.2 OK
r-oldrel-windows-ix86+x86_64 0.9.2 39.00 181.00 220.00 OK

Check Details

Version: 0.9.2
Check: Rd cross-references
Result: NOTE
    Undeclared package ‘rgdal’ in Rd xrefs
Flavor: r-devel-linux-x86_64-fedora-clang

Version: 0.9.2
Check: package dependencies
Result: NOTE
    Package suggested but not available for checking: ‘RPostgres’
Flavor: r-patched-solaris-x86