CRAN Package Check Results for Package geojsonR

Last updated on 2022-09-29 00:52:49 CEST.

Flavor Version Tinstall Tcheck Ttotal Status Flags
r-devel-linux-x86_64-debian-clang 1.1.0 63.15 37.00 100.15 OK
r-devel-linux-x86_64-debian-gcc 1.1.0 54.30 28.64 82.94 OK
r-devel-linux-x86_64-fedora-clang 1.1.0 151.43 OK
r-devel-linux-x86_64-fedora-gcc 1.1.0 150.84 OK
r-devel-windows-x86_64 1.1.0 63.00 87.00 150.00 OK
r-patched-linux-x86_64 1.1.0 56.35 35.13 91.48 OK
r-release-linux-x86_64 1.1.0 55.10 36.98 92.08 OK
r-release-macos-arm64 1.1.0 36.00 NOTE
r-release-macos-x86_64 1.1.0 51.00 NOTE
r-release-windows-x86_64 1.1.0 91.00 93.00 184.00 OK
r-oldrel-macos-arm64 1.1.0 41.00 NOTE
r-oldrel-macos-x86_64 1.1.0 75.00 NOTE
r-oldrel-windows-ix86+x86_64 1.1.0 150.00 91.00 241.00 OK

Check Details

Version: 1.1.0
Check: installed package size
Result: NOTE
     installed size is 6.0Mb
     sub-directories of 1Mb or more:
     doc 1.3Mb
     libs 4.5Mb
Flavors: r-release-macos-arm64, r-release-macos-x86_64, r-oldrel-macos-arm64, r-oldrel-macos-x86_64