CRAN Package Check Results for Package geogrid

Last updated on 2020-05-28 07:47:56 CEST.

Flavor Version Tinstall Tcheck Ttotal Status Flags
r-devel-linux-x86_64-debian-clang 0.1.1 34.08 68.80 102.88 OK
r-devel-linux-x86_64-debian-gcc 0.1.1 25.47 54.77 80.24 OK
r-devel-linux-x86_64-fedora-clang 0.1.1 130.37 OK
r-devel-linux-x86_64-fedora-gcc 0.1.1 122.85 OK
r-devel-windows-ix86+x86_64 0.1.1 90.00 167.00 257.00 NOTE
r-patched-linux-x86_64 0.1.1 25.71 69.39 95.10 OK
r-patched-solaris-x86 0.1.1 161.10 OK
r-release-linux-x86_64 0.1.1 26.63 69.11 95.74 OK
r-release-osx-x86_64 0.1.1 OK
r-release-windows-ix86+x86_64 0.1.1 55.00 180.00 235.00 NOTE
r-oldrel-osx-x86_64 0.1.1 OK
r-oldrel-windows-ix86+x86_64 0.1.1 60.00 124.00 184.00 OK

Check Details

Version: 0.1.1
Check: installed package size
Result: NOTE
     installed size is 5.2Mb
     sub-directories of 1Mb or more:
     extdata 3.1Mb
     libs 2.0Mb
Flavors: r-devel-windows-ix86+x86_64, r-release-windows-ix86+x86_64