CRAN Package Check Results for Package geogrid

Last updated on 2022-10-02 21:53:42 CEST.

Flavor Version Tinstall Tcheck Ttotal Status Flags
r-devel-linux-x86_64-debian-clang 0.1.1 31.65 95.10 126.75 NOTE
r-devel-linux-x86_64-debian-gcc 0.1.1 25.05 71.56 96.61 NOTE
r-devel-linux-x86_64-fedora-clang 0.1.1 175.95 NOTE
r-devel-linux-x86_64-fedora-gcc 0.1.1 174.47 NOTE
r-devel-windows-x86_64 0.1.1 47.00 139.00 186.00 NOTE
r-patched-linux-x86_64 0.1.1 25.11 91.77 116.88 NOTE
r-release-linux-x86_64 0.1.1 29.14 92.38 121.52 NOTE
r-release-macos-arm64 0.1.1 44.00 NOTE
r-release-macos-x86_64 0.1.1 66.00 NOTE
r-release-windows-x86_64 0.1.1 39.00 132.00 171.00 NOTE
r-oldrel-macos-arm64 0.1.1 54.00 NOTE
r-oldrel-macos-x86_64 0.1.1 86.00 NOTE
r-oldrel-windows-ix86+x86_64 0.1.1 85.00 174.00 259.00 NOTE

Check Details

Version: 0.1.1
Check: LazyData
Result: NOTE
     'LazyData' is specified without a 'data' directory
Flavors: r-devel-linux-x86_64-debian-clang, r-devel-linux-x86_64-debian-gcc, r-devel-linux-x86_64-fedora-clang, r-devel-linux-x86_64-fedora-gcc, r-devel-windows-x86_64, r-patched-linux-x86_64, r-release-linux-x86_64, r-release-macos-arm64, r-release-macos-x86_64, r-release-windows-x86_64, r-oldrel-macos-arm64, r-oldrel-macos-x86_64, r-oldrel-windows-ix86+x86_64

Version: 0.1.1
Check: installed package size
Result: NOTE
     installed size is 5.2Mb
     sub-directories of 1Mb or more:
     extdata 3.1Mb
     libs 2.0Mb
Flavor: r-oldrel-windows-ix86+x86_64