CRAN Package Check Results for Package geofacet

Last updated on 2020-05-28 07:47:56 CEST.

Flavor Version Tinstall Tcheck Ttotal Status Flags
r-devel-linux-x86_64-debian-clang 0.2.0 8.74 248.60 257.34 OK
r-devel-linux-x86_64-debian-gcc 0.2.0 7.50 176.34 183.84 OK
r-devel-linux-x86_64-fedora-clang 0.2.0 321.32 NOTE
r-devel-linux-x86_64-fedora-gcc 0.2.0 320.22 NOTE
r-devel-windows-ix86+x86_64 0.2.0 29.00 313.00 342.00 OK
r-patched-linux-x86_64 0.2.0 8.84 232.74 241.58 OK
r-patched-solaris-x86 0.2.0 386.00 NOTE
r-release-linux-x86_64 0.1.10 7.15 90.83 97.98 OK
r-release-osx-x86_64 0.1.10 NOTE
r-release-windows-ix86+x86_64 0.1.10 45.00 167.00 212.00 OK
r-oldrel-osx-x86_64 0.2.0 NOTE
r-oldrel-windows-ix86+x86_64 0.1.10 18.00 103.00 121.00 OK

Check Details

Version: 0.2.0
Check: dependencies in R code
Result: NOTE
    Namespace in Imports field not imported from: ‘sf’
     All declared Imports should be used.
Flavors: r-devel-linux-x86_64-fedora-clang, r-devel-linux-x86_64-fedora-gcc, r-patched-solaris-x86, r-oldrel-osx-x86_64

Version: 0.2.0
Check: data for non-ASCII characters
Result: NOTE
     Note: found 646 marked UTF-8 strings
Flavors: r-devel-linux-x86_64-fedora-clang, r-devel-linux-x86_64-fedora-gcc, r-patched-solaris-x86, r-oldrel-osx-x86_64

Version: 0.1.10
Check: data for non-ASCII characters
Result: NOTE
     Note: found 217 marked UTF-8 strings
Flavor: r-release-osx-x86_64