CRAN Package Check Results for Package geocmeans

Last updated on 2022-06-29 06:53:27 CEST.

Flavor Version Tinstall Tcheck Ttotal Status Flags
r-devel-linux-x86_64-debian-clang 0.2.2 134.39 817.24 951.63 OK
r-devel-linux-x86_64-debian-gcc 0.2.2 114.75 562.04 676.79 OK
r-devel-linux-x86_64-fedora-clang 0.2.2 1127.89 NOTE
r-devel-linux-x86_64-fedora-gcc 0.2.2 1106.59 OK
r-devel-windows-x86_64 0.2.2 216.00 851.00 1067.00 NOTE
r-patched-linux-x86_64 0.2.2 121.40 725.34 846.74 OK
r-release-linux-x86_64 0.2.2 110.79 734.81 845.60 OK
r-release-macos-arm64 0.2.2 226.00 NOTE
r-release-macos-x86_64 0.2.2 388.00 NOTE
r-release-windows-x86_64 0.2.2 204.00 826.00 1030.00 NOTE
r-oldrel-macos-arm64 0.2.2 202.00 NOTE
r-oldrel-macos-x86_64 0.2.2 400.00 NOTE
r-oldrel-windows-ix86+x86_64 0.2.2 335.00 1310.00 1645.00 NOTE

Check Details

Version: 0.2.2
Check: installed package size
Result: NOTE
     installed size is 8.3Mb
     sub-directories of 1Mb or more:
     data 2.3Mb
     doc 1.9Mb
     libs 2.9Mb
Flavors: r-devel-linux-x86_64-fedora-clang, r-devel-windows-x86_64, r-release-macos-arm64, r-release-macos-x86_64, r-release-windows-x86_64, r-oldrel-macos-arm64, r-oldrel-macos-x86_64, r-oldrel-windows-ix86+x86_64