CRAN Package Check Results for Package genridge

Last updated on 2020-10-26 13:46:58 CET.

Flavor Version Tinstall Tcheck Ttotal Status Flags
r-devel-linux-x86_64-debian-clang 0.6.7 5.56 50.53 56.09 OK
r-devel-linux-x86_64-debian-gcc 0.6.7 4.52 37.99 42.51 OK
r-devel-linux-x86_64-fedora-clang 0.6.7 75.85 OK
r-devel-linux-x86_64-fedora-gcc 0.6.7 63.80 OK
r-devel-windows-ix86+x86_64 0.6.7 13.00 76.00 89.00 OK
r-patched-linux-x86_64 0.6.7 5.30 46.52 51.82 OK
r-patched-solaris-x86 0.6.7 97.60 OK
r-release-linux-x86_64 0.6.7 5.33 46.11 51.44 OK
r-release-macos-x86_64 0.6.7 OK
r-release-windows-ix86+x86_64 0.6.7 11.00 50.00 61.00 OK
r-oldrel-macos-x86_64 0.6.7 NOTE
r-oldrel-windows-ix86+x86_64 0.6.7 12.00 66.00 78.00 OK

Check Details

Version: 0.6.7
Check: dependencies in R code
Result: NOTE
    No protocol specified
Flavor: r-oldrel-macos-x86_64