CRAN Package Check Results for Package genomicper

Last updated on 2020-05-25 01:48:53 CEST.

Flavor Version Tinstall Tcheck Ttotal Status Flags
r-devel-linux-x86_64-debian-clang 1.6 3.85 39.79 43.64 OK
r-devel-linux-x86_64-debian-gcc 1.6 2.65 31.64 34.29 OK
r-devel-linux-x86_64-fedora-clang 1.6 61.75 OK
r-devel-linux-x86_64-fedora-gcc 1.6 52.56 OK
r-devel-windows-ix86+x86_64 1.6 11.00 55.00 66.00 OK
r-patched-linux-x86_64 1.6 3.95 40.29 44.24 OK
r-patched-solaris-x86 1.6 81.10 NOTE
r-release-linux-x86_64 1.6 3.48 40.67 44.15 OK
r-release-osx-x86_64 1.6 NOTE
r-release-windows-ix86+x86_64 1.6 10.00 74.00 84.00 OK
r-oldrel-osx-x86_64 1.6 NOTE
r-oldrel-windows-ix86+x86_64 1.6 6.00 66.00 72.00 OK

Check Details

Version: 1.6
Check: package dependencies
Result: NOTE
    Package suggested but not available for checking: ‘reactome.db’
Flavor: r-patched-solaris-x86

Version: 1.6
Check: package dependencies
Result: NOTE
    Packages suggested but not available for checking: 'KEGG.db', 'reactome.db'
Flavor: r-release-osx-x86_64

Version: 1.6
Check: package dependencies
Result: NOTE
    Packages suggested but not available for checking:
     'KEGG.db', 'reactome.db', 'AnnotationDbi'
Flavor: r-oldrel-osx-x86_64