Last updated on 2022-08-16 12:53:01 CEST.
Flavor | Version | Tinstall | Tcheck | Ttotal | Status | Flags |
---|---|---|---|---|---|---|
r-devel-linux-x86_64-debian-clang | 1.0.0 | 6.25 | 61.37 | 67.62 | NOTE | |
r-devel-linux-x86_64-debian-gcc | 1.0.0 | 5.33 | 46.15 | 51.48 | NOTE | |
r-devel-linux-x86_64-fedora-clang | 1.0.0 | 92.10 | NOTE | |||
r-devel-linux-x86_64-fedora-gcc | 1.0.0 | 88.21 | NOTE | |||
r-devel-windows-x86_64 | 1.0.0 | 11.00 | 100.00 | 111.00 | NOTE | |
r-patched-linux-x86_64 | 1.0.0 | 6.33 | 58.04 | 64.37 | NOTE | |
r-release-linux-x86_64 | 1.0.0 | 6.29 | 57.31 | 63.60 | NOTE | |
r-release-macos-arm64 | 1.0.0 | 49.00 | NOTE | |||
r-release-macos-x86_64 | 1.0.0 | 57.00 | NOTE | |||
r-release-windows-x86_64 | 1.0.0 | 14.00 | 100.00 | 114.00 | NOTE | |
r-oldrel-macos-arm64 | 1.0.0 | 39.00 | NOTE | |||
r-oldrel-macos-x86_64 | 1.0.0 | 73.00 | NOTE | |||
r-oldrel-windows-ix86+x86_64 | 1.0.0 | 19.00 | 93.00 | 112.00 | NOTE |
Version: 1.0.0
Check: LazyData
Result: NOTE
'LazyData' is specified without a 'data' directory
Flavors: r-devel-linux-x86_64-debian-clang, r-devel-linux-x86_64-debian-gcc, r-devel-linux-x86_64-fedora-clang, r-devel-linux-x86_64-fedora-gcc, r-devel-windows-x86_64, r-patched-linux-x86_64, r-release-linux-x86_64, r-release-macos-arm64, r-release-macos-x86_64, r-release-windows-x86_64, r-oldrel-macos-arm64, r-oldrel-macos-x86_64, r-oldrel-windows-ix86+x86_64