CRAN Package Check Results for Package genius

Last updated on 2020-08-05 13:49:21 CEST.

Flavor Version Tinstall Tcheck Ttotal Status Flags
r-devel-linux-x86_64-debian-clang 2.2.2 9.34 91.20 100.54 OK
r-devel-linux-x86_64-debian-gcc 2.2.2 7.87 68.30 76.17 OK
r-devel-linux-x86_64-fedora-clang 2.2.2 126.97 OK
r-devel-linux-x86_64-fedora-gcc 2.2.2 115.81 OK
r-devel-windows-ix86+x86_64 2.2.2 35.00 228.00 263.00 OK
r-patched-linux-x86_64 2.2.2 9.12 86.69 95.81 OK
r-patched-solaris-x86 2.2.2 175.00 OK
r-release-linux-x86_64 2.2.2 9.88 87.39 97.27 OK
r-release-macos-x86_64 2.2.2 OK
r-release-windows-ix86+x86_64 2.2.2 33.00 173.00 206.00 WARN
r-oldrel-macos-x86_64 2.2.2 OK
r-oldrel-windows-ix86+x86_64 2.2.2 21.00 167.00 188.00 OK

Check Details

Version: 2.2.2
Check: R files for syntax errors
Result: WARN
    Warnings in file 'R/utils.R':
     unable to translate '<U+00E9>' to native encoding
     unable to translate '<U+00F6>' to native encoding
     unable to translate '<U+00F8>' to native encoding
     unable to translate '<U+2019>' to native encoding
Flavor: r-release-windows-ix86+x86_64