CRAN Package Check Results for Package genetics

Last updated on 2020-10-30 01:48:32 CET.

Flavor Version Tinstall Tcheck Ttotal Status Flags
r-devel-linux-x86_64-debian-clang 1.3.8.1.2 6.34 71.81 78.15 NOTE
r-devel-linux-x86_64-debian-gcc 1.3.8.1.2 4.04 52.85 56.89 NOTE
r-devel-linux-x86_64-fedora-clang 1.3.8.1.2 99.05 NOTE
r-devel-linux-x86_64-fedora-gcc 1.3.8.1.2 88.50 NOTE
r-devel-windows-ix86+x86_64 1.3.8.1.2 11.00 88.00 99.00 OK
r-patched-linux-x86_64 1.3.8.1.2 5.65 66.37 72.02 NOTE
r-patched-solaris-x86 1.3.8.1.2 109.50 NOTE
r-release-linux-x86_64 1.3.8.1.2 6.30 66.06 72.36 NOTE
r-release-macos-x86_64 1.3.8.1.2 NOTE
r-release-windows-ix86+x86_64 1.3.8.1.2 9.00 85.00 94.00 OK
r-oldrel-macos-x86_64 1.3.8.1.2 NOTE
r-oldrel-windows-ix86+x86_64 1.3.8.1.2 22.00 78.00 100.00 OK

Check Details

Version: 1.3.8.1.2
Check: Rd cross-references
Result: NOTE
    Unknown package 'GeneticsDesign' in Rd xrefs
Flavors: r-devel-linux-x86_64-debian-clang, r-devel-linux-x86_64-debian-gcc, r-devel-linux-x86_64-fedora-gcc, r-patched-linux-x86_64, r-patched-solaris-x86

Version: 1.3.8.1.2
Check: Rd cross-references
Result: NOTE
    Undeclared packages ‘bootstrap’, ‘GeneticsDesign’ in Rd xrefs
    Unknown package ‘GeneticsDesign’ in Rd xrefs
Flavor: r-devel-linux-x86_64-fedora-clang

Version: 1.3.8.1.2
Check: Rd cross-references
Result: NOTE
    Package unavailable to check Rd xrefs: ‘GeneticsDesign’
Flavors: r-release-linux-x86_64, r-release-macos-x86_64, r-oldrel-macos-x86_64