CRAN Package Check Results for Package genesysr

Last updated on 2022-10-01 01:49:05 CEST.

Flavor Version Tinstall Tcheck Ttotal Status Flags
r-devel-linux-x86_64-debian-clang 1.0.0 2.47 29.78 32.25 NOTE
r-devel-linux-x86_64-debian-gcc 1.0.0 1.78 23.37 25.15 NOTE
r-devel-linux-x86_64-fedora-clang 1.0.0 52.95 NOTE
r-devel-linux-x86_64-fedora-gcc 1.0.0 52.91 NOTE
r-devel-windows-x86_64 1.0.0 23.00 72.00 95.00 NOTE
r-patched-linux-x86_64 1.0.0 2.96 27.41 30.37 OK
r-release-linux-x86_64 1.0.0 2.25 26.72 28.97 OK
r-release-macos-arm64 1.0.0 17.00 OK
r-release-macos-x86_64 1.0.0 32.00 OK
r-release-windows-x86_64 1.0.0 22.00 60.00 82.00 OK
r-oldrel-macos-arm64 1.0.0 22.00 OK
r-oldrel-macos-x86_64 1.0.0 30.00 OK
r-oldrel-windows-ix86+x86_64 1.0.0 7.00 54.00 61.00 OK

Check Details

Version: 1.0.0
Check: package subdirectories
Result: NOTE
    Problems with news in 'NEWS.md':
    No news entries found.
Flavors: r-devel-linux-x86_64-debian-clang, r-devel-linux-x86_64-debian-gcc, r-devel-linux-x86_64-fedora-clang, r-devel-linux-x86_64-fedora-gcc, r-devel-windows-x86_64