Last updated on 2022-08-15 01:50:52 CEST.
Flavor | Version | Tinstall | Tcheck | Ttotal | Status | Flags |
---|---|---|---|---|---|---|
r-devel-linux-x86_64-debian-clang | 1.0.3 | 40.48 | 351.65 | 392.13 | OK | |
r-devel-linux-x86_64-debian-gcc | 1.0.3 | 31.02 | 258.66 | 289.68 | OK | |
r-devel-linux-x86_64-fedora-clang | 1.0.3 | 495.63 | NOTE | |||
r-devel-linux-x86_64-fedora-gcc | 1.0.3 | 491.19 | NOTE | |||
r-devel-windows-x86_64 | 1.0.3 | 55.00 | 344.00 | 399.00 | OK | |
r-patched-linux-x86_64 | 1.0.3 | 37.90 | 325.73 | 363.63 | OK | |
r-release-linux-x86_64 | 1.0.3 | 36.18 | 326.33 | 362.51 | OK | |
r-release-macos-arm64 | 1.0.3 | 119.00 | NOTE | |||
r-release-macos-x86_64 | 1.0.3 | 160.00 | NOTE | |||
r-release-windows-x86_64 | 1.0.3 | 59.00 | 335.00 | 394.00 | OK | |
r-oldrel-macos-arm64 | 1.0.3 | 117.00 | NOTE | |||
r-oldrel-macos-x86_64 | 1.0.3 | 154.00 | NOTE | |||
r-oldrel-windows-ix86+x86_64 | 1.0.3 | 87.00 | 346.00 | 433.00 | OK |
Version: 1.0.3
Check: package dependencies
Result: NOTE
Package suggested but not available for checking: ‘rrvgo’
Flavors: r-devel-linux-x86_64-fedora-clang, r-devel-linux-x86_64-fedora-gcc, r-release-macos-arm64, r-release-macos-x86_64, r-oldrel-macos-arm64, r-oldrel-macos-x86_64
Version: 1.0.3
Check: dependencies in R code
Result: NOTE
Namespace in Imports field not imported from: ‘DOSE’
All declared Imports should be used.
Flavors: r-devel-linux-x86_64-fedora-clang, r-devel-linux-x86_64-fedora-gcc, r-release-macos-arm64, r-release-macos-x86_64, r-oldrel-macos-arm64, r-oldrel-macos-x86_64