Last updated on 2023-01-30 00:31:13 CET.
Flavor | Version | Tinstall | Tcheck | Ttotal | Status | Flags |
---|---|---|---|---|---|---|
r-devel-linux-x86_64-debian-clang | 0.9 | 2.43 | 36.93 | 39.36 | OK | |
r-devel-linux-x86_64-debian-gcc | 0.9 | 1.65 | 28.01 | 29.66 | OK | |
r-devel-linux-x86_64-fedora-clang | 0.9 | 50.84 | NOTE | |||
r-devel-linux-x86_64-fedora-gcc | 0.9 | 61.13 | NOTE | |||
r-devel-windows-x86_64 | 0.9 | 30.00 | 282.00 | 312.00 | OK | |
r-patched-linux-x86_64 | 0.9 | 1.62 | 36.47 | 38.09 | OK | |
r-release-linux-x86_64 | 0.9 | 1.86 | 36.24 | 38.10 | OK | |
r-release-macos-arm64 | 0.9 | 29.00 | NOTE | |||
r-release-macos-x86_64 | 0.9 | 39.00 | NOTE | |||
r-release-windows-x86_64 | 0.9 | 56.00 | 203.00 | 259.00 | OK | |
r-oldrel-macos-arm64 | 0.9 | 29.00 | NOTE | |||
r-oldrel-macos-x86_64 | 0.9 | 38.00 | NOTE | |||
r-oldrel-windows-ix86+x86_64 | 0.9 | 8.00 | 66.00 | 74.00 | OK |
Version: 0.9
Check: dependencies in R code
Result: NOTE
Namespaces in Imports field not imported from:
‘BiocManager’ ‘R.utils’ ‘markdown’
All declared Imports should be used.
Flavors: r-devel-linux-x86_64-fedora-clang, r-devel-linux-x86_64-fedora-gcc, r-release-macos-arm64, r-release-macos-x86_64, r-oldrel-macos-arm64, r-oldrel-macos-x86_64